{"id":875,"date":"2026-01-08T11:04:37","date_gmt":"2026-01-08T10:04:37","guid":{"rendered":"https:\/\/apartamenty-molus.pl\/?page_id=875"},"modified":"2026-04-13T10:50:40","modified_gmt":"2026-04-13T08:50:40","slug":"regulamin-pobytu","status":"publish","type":"page","link":"https:\/\/apartamenty-molus.pl\/index.php\/regulamin-pobytu\/","title":{"rendered":"Regulamin pobytu"},"content":{"rendered":"<div id='av-layout-grid-1'  class='av-layout-grid-container av-3xbb-fea5564a2d99c1344ac37e8a24a8ff8c entry-content-wrapper main_color av-flex-cells  avia-builder-el-0  avia-builder-el-no-sibling   container_wrap fullsize'  >\n\n<style type=\"text\/css\" data-created_by=\"avia_inline_auto\" id=\"style-css-av-mk2ky6dl-db9378d304f1ccc425bf496509af54fd\">\n.flex_cell.av-mk2ky6dl-db9378d304f1ccc425bf496509af54fd{\nvertical-align:top;\nbackground-color:#f4f4f4;\n}\n<\/style>\n<div class='flex_cell av-mk2ky6dl-db9378d304f1ccc425bf496509af54fd av-gridrow-cell av_one_fifth no_margin  avia-builder-el-1  el_before_av_cell_three_fifth  avia-builder-el-first  content-align-top'  ><div class='flex_cell_inner'><\/div><\/div>\n<style type=\"text\/css\" data-created_by=\"avia_inline_auto\" id=\"style-css-av-mk2kydmt-5cfa53e9d1e42d33c5d9bfe296026317\">\n.flex_cell.av-mk2kydmt-5cfa53e9d1e42d33c5d9bfe296026317{\nvertical-align:top;\n}\n.responsive #top #wrap_all .flex_cell.av-mk2kydmt-5cfa53e9d1e42d33c5d9bfe296026317{\npadding:5% 5% 5% 5% !important;\n}\n<\/style>\n<div class='flex_cell av-mk2kydmt-5cfa53e9d1e42d33c5d9bfe296026317 av-gridrow-cell av_three_fifth no_margin  avia-builder-el-2  el_after_av_cell_one_fifth  el_before_av_cell_one_fifth  content-align-top'  ><div class='flex_cell_inner'><p>\n<style type=\"text\/css\" data-created_by=\"avia_inline_auto\" id=\"style-css-av-mk2l091b-efa5479d985abe75908a96436982c196\">\n#top .av-special-heading.av-mk2l091b-efa5479d985abe75908a96436982c196{\npadding-bottom:0;\ncolor:#6b2700;\nfont-size:30px;\n}\nbody .av-special-heading.av-mk2l091b-efa5479d985abe75908a96436982c196 .av-special-heading-tag .heading-char{\nfont-size:25px;\n}\n#top #wrap_all .av-special-heading.av-mk2l091b-efa5479d985abe75908a96436982c196 .av-special-heading-tag{\nfont-size:30px;\n}\n.av-special-heading.av-mk2l091b-efa5479d985abe75908a96436982c196 .special-heading-inner-border{\nborder-color:#6b2700;\n}\n.av-special-heading.av-mk2l091b-efa5479d985abe75908a96436982c196 .av-subheading{\nfont-size:15px;\n}\n\n@media only screen and (min-width: 480px) and (max-width: 767px){ \n#top #wrap_all .av-special-heading.av-mk2l091b-efa5479d985abe75908a96436982c196 .av-special-heading-tag{\nfont-size:0.8em;\n}\n}\n\n@media only screen and (max-width: 479px){ \n#top #wrap_all .av-special-heading.av-mk2l091b-efa5479d985abe75908a96436982c196 .av-special-heading-tag{\nfont-size:0.8em;\n}\n}\n<\/style>\n<div  class='av-special-heading av-mk2l091b-efa5479d985abe75908a96436982c196 av-special-heading-h2 custom-color-heading blockquote modern-quote modern-centered  avia-builder-el-3  el_before_av_hr  avia-builder-el-first  av-thin-font av-inherit-size'><h2 class='av-special-heading-tag '  itemprop=\"headline\"  ><strong>Regulamin pobytu<\/strong><\/h2><div class=\"special-heading-border\"><div class=\"special-heading-inner-border\"><\/div><\/div><\/div><br \/>\n\n<style type=\"text\/css\" data-created_by=\"avia_inline_auto\" id=\"style-css-av-3xij-f253e29b9c309bc7b5d6e6e9300b5f9a\">\n#top .hr.av-3xij-f253e29b9c309bc7b5d6e6e9300b5f9a{\nmargin-top:5px;\nmargin-bottom:20px;\n}\n.hr.av-3xij-f253e29b9c309bc7b5d6e6e9300b5f9a .hr-inner{\nwidth:75%;\nborder-color:#6b2700;\n}\n<\/style>\n<div  class='hr av-3xij-f253e29b9c309bc7b5d6e6e9300b5f9a hr-custom  avia-builder-el-4  el_after_av_heading  el_before_av_textblock  hr-center hr-icon-no'><span class='hr-inner inner-border-av-border-fat'><span class=\"hr-inner-style\"><\/span><\/span><\/div><br \/>\n\n<style type=\"text\/css\" data-created_by=\"avia_inline_auto\" id=\"style-css-av-mk2l1kwd-7dfb98a9c3b20575f670300b2611290a\">\n#top .av_textblock_section.av-mk2l1kwd-7dfb98a9c3b20575f670300b2611290a .avia_textblock{\nfont-size:18px;\ncolor:#6b2700;\n}\n<\/style>\n<section  class='av_textblock_section av-mk2l1kwd-7dfb98a9c3b20575f670300b2611290a '   itemscope=\"itemscope\" itemtype=\"https:\/\/schema.org\/CreativeWork\" ><div class='avia_textblock av_inherit_color'  itemprop=\"text\" ><p style=\"text-align: justify;\">Regulamin okre\u015bla zasady \u015bwiadczenia us\u0142ug, odpowiedzialno\u015bci oraz przebywania na terenie apartament\u00f3w i jest integraln\u0105 cz\u0119\u015bci\u0105 umowy, do kt\u00f3rej zawarcia dochodzi poprzez wp\u0142at\u0119 zadatku w wysoko\u015bci 50% koszt\u00f3w pobytu i p\u00f3\u017aniejsze zameldowanie. Dokonuj\u0105c ww. czynno\u015bci, Go\u015b\u0107 potwierdza, \u017ce zapozna\u0142 si\u0119 i akceptuje warunki regulaminu, kt\u00f3ry obowi\u0105zuje wszystkich Go\u015bci przebywaj\u0105cych na terenie Apartament\u00f3w Molus.<\/p>\n<p><strong>Doba hotelowa<\/strong><\/p>\n<p>Doba hotelowa trwa od godz. 15:00 do 11:00 dnia nast\u0119pnego.<\/p>\n<hr \/>\n<p><strong>Zameldowanie<\/strong><\/p>\n<p>W apartamencie mo\u017cna zameldowa\u0107 si\u0119 w godz. od 15:00 do 24:00. W dniu przyjazdu Go\u015b\u0107 otrzymuje sms z kodem dost\u0119pu do apartamentu i kamienicy. W przypadku wcze\u015bniejszego przyjazdu istnieje mo\u017cliwo\u015b\u0107 pozostawienia baga\u017cu przed zameldowaniem.<\/p>\n<hr \/>\n<p><strong>P\u0142atno\u015b\u0107<\/strong><\/p>\n<p>P\u0142atno\u015b\u0107 za wynajem apartamentu Go\u015b\u0107 winien ui\u015bci\u0107 w dniu przyjazdu podczas zameldowania.\u00a0Istnieje mo\u017cliwo\u015b\u0107 p\u0142atno\u015bci kart\u0105. Na \u017cyczenie wystawiamy faktur\u0119 VAT. Prosimy o informacj\u0119 o ch\u0119ci otrzymania faktury VAT w momencie dokonywania rezerwacji.<\/p>\n<hr \/>\n<p><strong>P\u00f3\u017ane przybycie<\/strong><\/p>\n<p>Go\u015bcie przybywaj\u0105cy do apartament\u00f3w poza godzinami zameldowania zobowi\u0105zani s\u0105 do wcze\u015bniejszego poinformowania obs\u0142ugi o godzinie przybycia.<\/p>\n<hr \/>\n<p><strong>Przed\u0142u\u017cenie pobytu<\/strong><\/p>\n<p>Istnieje mo\u017cliwo\u015b\u0107 przed\u0142u\u017cenia pobytu w apartamentach po uprzednim uzgodnieniu dost\u0119pno\u015bci termin\u00f3w z obs\u0142ug\u0105.<\/p>\n<hr \/>\n<p><strong>Anulowanie rezerwacji<\/strong><\/p>\n<p>Apartamenty Molus zastrzegaj\u0105 sobie prawo do anulowania rezerwacji przed rozpocz\u0119ciem pobytu lub w jego trakcie w wyj\u0105tkowych sytuacjach, gdy zachowanie Go\u015bcia lub os\u00f3b towarzysz\u0105cych budzi uzasadnione w\u0105tpliwo\u015bci co do przestrzegania regulaminu, bezpiecze\u0144stwa, komfortu innych Go\u015bci lub mienia apartament\u00f3w. W przypadku anulacji rezerwacji Apartamenty Molus poinformuj\u0105 Go\u015bcia o decyzji w mo\u017cliwie najkr\u00f3tszym czasie, a ewentualny zwrot koszt\u00f3w zostanie ustalony indywidualnie. W przypadku niepojawienia si\u0119 Go\u015bcia w zarezerwowanym apartamencie wp\u0142acony zadatek nie podlega zwrotowi.<\/p>\n<hr \/>\n<p><strong>Wymeldowanie<\/strong><\/p>\n<p>Go\u015bcie zobowi\u0105zani s\u0105 do wymeldowania si\u0119 z apartamentu i zwrotu karty parkingowej obs\u0142udze do godziny 11:00.<\/p>\n<hr \/>\n<p><strong>Przebywanie na terenie apartament\u00f3w<\/strong><\/p>\n<p>Go\u015b\u0107 zgadza si\u0119 korzysta\u0107 z apartamentu w spos\u00f3b niebudz\u0105cy zastrze\u017ce\u0144. Wszelkie przejawy niestosownych zachowa\u0144 obliguj\u0105 obs\u0142ug\u0119 do wymeldowania Klienta niezw\u0142ocznie i bez \u017cadnych zwrot\u00f3w koszt\u00f3w. Apartamenty mog\u0105 odm\u00f3wi\u0107 przyj\u0119cia Go\u015bcia, kt\u00f3ry podczas poprzedniego pobytu ra\u017c\u0105co naruszy\u0142 regulamin Apartament\u00f3w Molus, wyrz\u0105dzaj\u0105c szkod\u0119 w kamienicy, czy\u00a0w mieniu Go\u015bci lub zak\u0142\u00f3ca\u0142 spok\u00f3j. Go\u015bciom nie wolno dokonywa\u0107 jakichkolwiek zmian\u00a0w apartamentach i ich wyposa\u017ceniu, bowiem ponosz\u0105 odpowiedzialno\u015b\u0107 za wszelkiego rodzaju zniszczenia powsta\u0142e z jego winy lub odwiedzaj\u0105cych go os\u00f3b. Go\u015b\u0107 powinien zawiadomi\u0107 obs\u0142ug\u0119 o wyst\u0105pieniu szkody niezw\u0142ocznie po jej stwierdzeniu. Go\u015b\u0107 nie mo\u017ce przekazywa\u0107\u00a0i podnajmowa\u0107 apartamentu innym osobom, nawet, je\u015bli nie up\u0142yn\u0105\u0142 okres, za kt\u00f3ry ui\u015bci\u0142 nale\u017cn\u0105 za pobyt op\u0142at\u0119. Osoby niezameldowane w Apartamencie mog\u0105 przebywa\u0107 w nim w godz.\u00a0od 10:00 do 20:00. Po godz. 20:00, istnieje obowi\u0105zek zameldowania i uiszczenia op\u0142aty za ka\u017cd\u0105 dodatkow\u0105 osob\u0119 przebywaj\u0105c\u0105 w apartamencie.<\/p>\n<hr \/>\n<p><strong>Odpowiedzialno\u015b\u0107 finansowa<\/strong><\/p>\n<p>Apartamenty nie ponosz\u0105 odpowiedzialno\u015bci z tytu\u0142u utraty lub uszkodzenia pieni\u0119dzy, papier\u00f3w warto\u015bciowych, kosztowno\u015bci oraz przedmiot\u00f3w maj\u0105cych warto\u015b\u0107 naukow\u0105 lub artystyczn\u0105. Przedmioty osobistego u\u017cytku pozostawione w apartamencie po wyje\u017adzie Go\u015bcia b\u0119d\u0105 odes\u0142ane na adres przez niego wskazany. W przypadku nie otrzymania takiej dyspozycji Apartament przechowa te przedmioty przez jeden miesi\u0105c.<\/p>\n<hr \/>\n<p><strong>Us\u0142ugi<\/strong><\/p>\n<p>Przy pobytach d\u0142u\u017cszych wymiana r\u0119cznik\u00f3w i po\u015bcieli odbywa si\u0119 na \u017cyczenie Go\u015bci.<\/p>\n<hr \/>\n<p><strong>Cisza nocna<\/strong><\/p>\n<p>W apartamentach obowi\u0105zuje zachowanie ciszy w godz. od 22:00 do 7:00 dnia nast\u0119pnego.<\/p>\n<hr \/>\n<p><strong>Palenie na terenie apartament\u00f3w<\/strong><\/p>\n<p>Palenie jest zabronione. W przypadku z\u0142amania zakazu palenia na Go\u015bcia zostanie na\u0142o\u017cona kara za przyjazd Stra\u017cy Po\u017carnej ok. 700 PLN.<\/p>\n<hr \/>\n<p><strong>Zwierz\u0119ta<\/strong><\/p>\n<p>Zwierz\u0119ta mog\u0105 przebywa\u0107 na terenie apartamentu. W\u0142a\u015bciciel zwierz\u0119cia jest jednak zobowi\u0105zany do opieki nad nim, w taki spos\u00f3b, aby nie stanowi\u0142 zagro\u017cenia dla innych Go\u015bci i personelu. Zwierz\u0119ta nie mog\u0105 przebywa\u0107 na \u0142\u00f3\u017cku. Ponadto nie mo\u017cna pozostawia\u0107 zwierz\u0105t bez opieki. Ewentualne szkody na mieniu apartamentu b\u0119d\u0105 podlega\u0142y karze pieni\u0119\u017cnej, kt\u00f3ra b\u0119dzie uiszczona po wycenie szk\u00f3d. Go\u015b\u0107 ma obowi\u0105zek usun\u0105\u0107 wszelkie nieczysto\u015bci pozostawione przez zwierz\u0119 na terenie apartament\u00f3w.<\/p>\n<hr \/>\n<p><strong>Internet<\/strong><\/p>\n<p>Go\u015bcie apartament\u00f3w mog\u0105 bezp\u0142atnie korzysta\u0107 z WI-FI.<\/p>\n<hr \/>\n<p><strong>\u015aniadanie<\/strong><\/p>\n<p>Istnieje mo\u017cliwo\u015b\u0107 skorzystania z oferty \u015bniadaniowej w godzinach 8:00 \u2013 12:00 w Grande Coffee znajduj\u0105cej si\u0119 na parterze kamienicy.<\/p>\n<hr \/>\n<p><strong>Bezpiecze\u0144stwo<\/strong><\/p>\n<p>Kamienica jest wyposa\u017cona w ca\u0142odobowy monitoring p-po\u017c oraz kamery. W ka\u017cdym apartamencie znajduje si\u0119 oznaczone wyj\u015bcie ewakuacyjne. Ka\u017cdorazowo opuszczaj\u0105c pomieszczenie Go\u015b\u0107 ma obowi\u0105zek zgasi\u0107 \u015bwiat\u0142o i zamkn\u0105\u0107 drzwi \u00a0w apartamencie\u00a0i w drzwi zewn\u0119trzne kamienicy.<\/p>\n<hr \/>\n<p><strong>Zasady og\u00f3lne<\/strong><\/p>\n<p>Informacje podawane przez Go\u015bci s\u0105 niezb\u0119dne do cel\u00f3w zarz\u0105dzania rezerwacj\u0105 oraz\u00a0do wysy\u0142ania informacji dotycz\u0105cych produkt\u00f3w i us\u0142ug oferowanych przez apartamenty. Apartamenty Molus gromadz\u0105 wy\u0142\u0105cznie dane osobowe niezb\u0119dne do cel\u00f3w rezerwacji.<\/p>\n<hr \/>\n<p><strong>Numery alarmowe<\/strong><\/p>\n<p>Og\u00f3lny numer alarmowy &#8211; 112. 997 Policja, 998 Stra\u017c Po\u017carna, 986 Stra\u017c Miejska, 999 Pogotowie Ratunkowe.<\/p>\n<hr \/>\n<p><strong>Pomocne numery<\/strong><\/p>\n<p>56\/300 43 00 Przychodnia \u201eNasz Lekarz\u201d, S. Batorego 18, Toru\u0144 (czynna pn-pt od godz. 8:00 do 18:00, w sb. od 8:00 do 14:00)<br \/>\n56\/655 55 13 \u201eApteka Centralna\u201d, ul. Szeroka 30, Toru\u0144 (czynna pn-pt od 9:00 do 21:00, w sb. od 9:00 do 17:00)<\/p>\n<\/div><\/section><\/p>\n<\/div><\/div>\n<style type=\"text\/css\" data-created_by=\"avia_inline_auto\" id=\"style-css-av-mk2kya3g-c66fed4ed6dc93f7f300b3623a0c1304\">\n.flex_cell.av-mk2kya3g-c66fed4ed6dc93f7f300b3623a0c1304{\nvertical-align:top;\nbackground-color:#f4f4f4;\n}\n<\/style>\n<div class='flex_cell av-mk2kya3g-c66fed4ed6dc93f7f300b3623a0c1304 av-gridrow-cell av_one_fifth no_margin  avia-builder-el-6  el_after_av_cell_three_fifth  avia-builder-el-last  content-align-top'  ><div class='flex_cell_inner'><\/div><\/div><\/div>\n","protected":false},"excerpt":{"rendered":"","protected":false},"author":1,"featured_media":0,"parent":0,"menu_order":0,"comment_status":"closed","ping_status":"open","template":"","meta":{"footnotes":""},"class_list":["post-875","page","type-page","status-publish","hentry"],"yoast_head":"<!-- This site is optimized with the Yoast SEO plugin v27.1.1 - https:\/\/yoast.com\/product\/yoast-seo-wordpress\/ -->\n<title>Regulamin pobytu - Apartamenty Molus<\/title>\n<meta name=\"robots\" content=\"index, follow, max-snippet:-1, max-image-preview:large, max-video-preview:-1\" \/>\n<link rel=\"canonical\" href=\"https:\/\/apartamenty-molus.pl\/index.php\/regulamin-pobytu\/\" \/>\n<meta property=\"og:locale\" content=\"pl_PL\" \/>\n<meta property=\"og:type\" content=\"article\" \/>\n<meta property=\"og:title\" content=\"Regulamin pobytu - Apartamenty Molus\" \/>\n<meta property=\"og:url\" content=\"https:\/\/apartamenty-molus.pl\/index.php\/regulamin-pobytu\/\" \/>\n<meta property=\"og:site_name\" content=\"Apartamenty Molus\" \/>\n<meta property=\"article:modified_time\" content=\"2026-04-13T08:50:40+00:00\" \/>\n<meta name=\"twitter:card\" content=\"summary_large_image\" \/>\n<meta name=\"twitter:label1\" content=\"Szacowany czas czytania\" \/>\n\t<meta name=\"twitter:data1\" content=\"5 minut\" \/>\n<script type=\"application\/ld+json\" class=\"yoast-schema-graph\">{\"@context\":\"https:\/\/schema.org\",\"@graph\":[{\"@type\":\"WebPage\",\"@id\":\"https:\/\/apartamenty-molus.pl\/index.php\/regulamin-pobytu\/\",\"url\":\"https:\/\/apartamenty-molus.pl\/index.php\/regulamin-pobytu\/\",\"name\":\"Regulamin pobytu - Apartamenty Molus\",\"isPartOf\":{\"@id\":\"http:\/\/apartamenty-molus.pl\/#website\"},\"datePublished\":\"2026-01-08T10:04:37+00:00\",\"dateModified\":\"2026-04-13T08:50:40+00:00\",\"breadcrumb\":{\"@id\":\"https:\/\/apartamenty-molus.pl\/index.php\/regulamin-pobytu\/#breadcrumb\"},\"inLanguage\":\"pl-PL\",\"potentialAction\":[{\"@type\":\"ReadAction\",\"target\":[\"https:\/\/apartamenty-molus.pl\/index.php\/regulamin-pobytu\/\"]}]},{\"@type\":\"BreadcrumbList\",\"@id\":\"https:\/\/apartamenty-molus.pl\/index.php\/regulamin-pobytu\/#breadcrumb\",\"itemListElement\":[{\"@type\":\"ListItem\",\"position\":1,\"name\":\"Strona g\u0142\u00f3wna\",\"item\":\"http:\/\/apartamenty-molus.pl\/\"},{\"@type\":\"ListItem\",\"position\":2,\"name\":\"Regulamin pobytu\"}]},{\"@type\":\"WebSite\",\"@id\":\"http:\/\/apartamenty-molus.pl\/#website\",\"url\":\"http:\/\/apartamenty-molus.pl\/\",\"name\":\"Apartamenty Molus\",\"description\":\"Kolejna witryna oparta na WordPressie\",\"potentialAction\":[{\"@type\":\"SearchAction\",\"target\":{\"@type\":\"EntryPoint\",\"urlTemplate\":\"http:\/\/apartamenty-molus.pl\/?s={search_term_string}\"},\"query-input\":{\"@type\":\"PropertyValueSpecification\",\"valueRequired\":true,\"valueName\":\"search_term_string\"}}],\"inLanguage\":\"pl-PL\"}]}<\/script>\n<!-- \/ Yoast SEO plugin. -->","yoast_head_json":{"title":"Regulamin pobytu - Apartamenty Molus","robots":{"index":"index","follow":"follow","max-snippet":"max-snippet:-1","max-image-preview":"max-image-preview:large","max-video-preview":"max-video-preview:-1"},"canonical":"https:\/\/apartamenty-molus.pl\/index.php\/regulamin-pobytu\/","og_locale":"pl_PL","og_type":"article","og_title":"Regulamin pobytu - Apartamenty Molus","og_url":"https:\/\/apartamenty-molus.pl\/index.php\/regulamin-pobytu\/","og_site_name":"Apartamenty Molus","article_modified_time":"2026-04-13T08:50:40+00:00","twitter_card":"summary_large_image","twitter_misc":{"Szacowany czas czytania":"5 minut"},"schema":{"@context":"https:\/\/schema.org","@graph":[{"@type":"WebPage","@id":"https:\/\/apartamenty-molus.pl\/index.php\/regulamin-pobytu\/","url":"https:\/\/apartamenty-molus.pl\/index.php\/regulamin-pobytu\/","name":"Regulamin pobytu - Apartamenty Molus","isPartOf":{"@id":"http:\/\/apartamenty-molus.pl\/#website"},"datePublished":"2026-01-08T10:04:37+00:00","dateModified":"2026-04-13T08:50:40+00:00","breadcrumb":{"@id":"https:\/\/apartamenty-molus.pl\/index.php\/regulamin-pobytu\/#breadcrumb"},"inLanguage":"pl-PL","potentialAction":[{"@type":"ReadAction","target":["https:\/\/apartamenty-molus.pl\/index.php\/regulamin-pobytu\/"]}]},{"@type":"BreadcrumbList","@id":"https:\/\/apartamenty-molus.pl\/index.php\/regulamin-pobytu\/#breadcrumb","itemListElement":[{"@type":"ListItem","position":1,"name":"Strona g\u0142\u00f3wna","item":"http:\/\/apartamenty-molus.pl\/"},{"@type":"ListItem","position":2,"name":"Regulamin pobytu"}]},{"@type":"WebSite","@id":"http:\/\/apartamenty-molus.pl\/#website","url":"http:\/\/apartamenty-molus.pl\/","name":"Apartamenty Molus","description":"Kolejna witryna oparta na WordPressie","potentialAction":[{"@type":"SearchAction","target":{"@type":"EntryPoint","urlTemplate":"http:\/\/apartamenty-molus.pl\/?s={search_term_string}"},"query-input":{"@type":"PropertyValueSpecification","valueRequired":true,"valueName":"search_term_string"}}],"inLanguage":"pl-PL"}]}},"_links":{"self":[{"href":"https:\/\/apartamenty-molus.pl\/index.php\/wp-json\/wp\/v2\/pages\/875","targetHints":{"allow":["GET"]}}],"collection":[{"href":"https:\/\/apartamenty-molus.pl\/index.php\/wp-json\/wp\/v2\/pages"}],"about":[{"href":"https:\/\/apartamenty-molus.pl\/index.php\/wp-json\/wp\/v2\/types\/page"}],"author":[{"embeddable":true,"href":"https:\/\/apartamenty-molus.pl\/index.php\/wp-json\/wp\/v2\/users\/1"}],"replies":[{"embeddable":true,"href":"https:\/\/apartamenty-molus.pl\/index.php\/wp-json\/wp\/v2\/comments?post=875"}],"version-history":[{"count":3,"href":"https:\/\/apartamenty-molus.pl\/index.php\/wp-json\/wp\/v2\/pages\/875\/revisions"}],"predecessor-version":[{"id":1276,"href":"https:\/\/apartamenty-molus.pl\/index.php\/wp-json\/wp\/v2\/pages\/875\/revisions\/1276"}],"wp:attachment":[{"href":"https:\/\/apartamenty-molus.pl\/index.php\/wp-json\/wp\/v2\/media?parent=875"}],"curies":[{"name":"wp","href":"https:\/\/api.w.org\/{rel}","templated":true}]}}