{"id":877,"date":"2026-01-08T11:08:09","date_gmt":"2026-01-08T10:08:09","guid":{"rendered":"https:\/\/apartamenty-molus.pl\/?page_id=877"},"modified":"2026-04-07T13:31:38","modified_gmt":"2026-04-07T11:31:38","slug":"informacje","status":"publish","type":"page","link":"https:\/\/apartamenty-molus.pl\/index.php\/informacje\/","title":{"rendered":"Informacje"},"content":{"rendered":"<div id='av-layout-grid-1'  class='av-layout-grid-container av-3xbb-fea5564a2d99c1344ac37e8a24a8ff8c entry-content-wrapper main_color av-flex-cells  avia-builder-el-0  avia-builder-el-no-sibling   container_wrap fullsize'  >\n\n<style type=\"text\/css\" data-created_by=\"avia_inline_auto\" id=\"style-css-av-mk2ky6dl-db9378d304f1ccc425bf496509af54fd\">\n.flex_cell.av-mk2ky6dl-db9378d304f1ccc425bf496509af54fd{\nvertical-align:top;\nbackground-color:#f4f4f4;\n}\n<\/style>\n<div class='flex_cell av-mk2ky6dl-db9378d304f1ccc425bf496509af54fd av-gridrow-cell av_one_fifth no_margin  avia-builder-el-1  el_before_av_cell_three_fifth  avia-builder-el-first  content-align-top'  ><div class='flex_cell_inner'><\/div><\/div>\n<style type=\"text\/css\" data-created_by=\"avia_inline_auto\" id=\"style-css-av-mk2kydmt-5cfa53e9d1e42d33c5d9bfe296026317\">\n.flex_cell.av-mk2kydmt-5cfa53e9d1e42d33c5d9bfe296026317{\nvertical-align:top;\n}\n.responsive #top #wrap_all .flex_cell.av-mk2kydmt-5cfa53e9d1e42d33c5d9bfe296026317{\npadding:5% 5% 5% 5% !important;\n}\n<\/style>\n<div class='flex_cell av-mk2kydmt-5cfa53e9d1e42d33c5d9bfe296026317 av-gridrow-cell av_three_fifth no_margin  avia-builder-el-2  el_after_av_cell_one_fifth  el_before_av_cell_one_fifth  content-align-top'  ><div class='flex_cell_inner'><p>\n<style type=\"text\/css\" data-created_by=\"avia_inline_auto\" id=\"style-css-av-mk2l091b-7af3d5d0ba0873be819f8affd36f02bc\">\n#top .av-special-heading.av-mk2l091b-7af3d5d0ba0873be819f8affd36f02bc{\npadding-bottom:0;\ncolor:#6b2700;\nfont-size:30px;\n}\nbody .av-special-heading.av-mk2l091b-7af3d5d0ba0873be819f8affd36f02bc .av-special-heading-tag .heading-char{\nfont-size:25px;\n}\n#top #wrap_all .av-special-heading.av-mk2l091b-7af3d5d0ba0873be819f8affd36f02bc .av-special-heading-tag{\nfont-size:30px;\n}\n.av-special-heading.av-mk2l091b-7af3d5d0ba0873be819f8affd36f02bc .special-heading-inner-border{\nborder-color:#6b2700;\n}\n.av-special-heading.av-mk2l091b-7af3d5d0ba0873be819f8affd36f02bc .av-subheading{\nfont-size:15px;\n}\n\n@media only screen and (min-width: 480px) and (max-width: 767px){ \n#top #wrap_all .av-special-heading.av-mk2l091b-7af3d5d0ba0873be819f8affd36f02bc .av-special-heading-tag{\nfont-size:0.8em;\n}\n}\n\n@media only screen and (max-width: 479px){ \n#top #wrap_all .av-special-heading.av-mk2l091b-7af3d5d0ba0873be819f8affd36f02bc .av-special-heading-tag{\nfont-size:0.8em;\n}\n}\n<\/style>\n<div  class='av-special-heading av-mk2l091b-7af3d5d0ba0873be819f8affd36f02bc av-special-heading-h2 custom-color-heading blockquote modern-quote modern-centered  avia-builder-el-3  el_before_av_hr  avia-builder-el-first  av-thin-font av-inherit-size'><h2 class='av-special-heading-tag '  itemprop=\"headline\"  ><strong>Informacje<\/strong><\/h2><div class=\"special-heading-border\"><div class=\"special-heading-inner-border\"><\/div><\/div><\/div><br \/>\n\n<style type=\"text\/css\" data-created_by=\"avia_inline_auto\" id=\"style-css-av-3xij-f253e29b9c309bc7b5d6e6e9300b5f9a\">\n#top .hr.av-3xij-f253e29b9c309bc7b5d6e6e9300b5f9a{\nmargin-top:5px;\nmargin-bottom:20px;\n}\n.hr.av-3xij-f253e29b9c309bc7b5d6e6e9300b5f9a .hr-inner{\nwidth:75%;\nborder-color:#6b2700;\n}\n<\/style>\n<div  class='hr av-3xij-f253e29b9c309bc7b5d6e6e9300b5f9a hr-custom  avia-builder-el-4  el_after_av_heading  el_before_av_textblock  hr-center hr-icon-no'><span class='hr-inner inner-border-av-border-fat'><span class=\"hr-inner-style\"><\/span><\/span><\/div><br \/>\n\n<style type=\"text\/css\" data-created_by=\"avia_inline_auto\" id=\"style-css-av-mk2l1kwd-7dfb98a9c3b20575f670300b2611290a\">\n#top .av_textblock_section.av-mk2l1kwd-7dfb98a9c3b20575f670300b2611290a .avia_textblock{\nfont-size:18px;\ncolor:#6b2700;\n}\n<\/style>\n<section  class='av_textblock_section av-mk2l1kwd-7dfb98a9c3b20575f670300b2611290a '   itemscope=\"itemscope\" itemtype=\"https:\/\/schema.org\/CreativeWork\" ><div class='avia_textblock av_inherit_color'  itemprop=\"text\" ><p><strong>Op\u0142ata miejscowa powy\u017cej jednej doby<\/strong><\/p>\n<p>2 z\u0142 \/osoba \u2013 nie dotyczy os\u00f3b przyje\u017cd\u017caj\u0105cych do pracy i na jedna dob\u0119.<\/p>\n<hr \/>\n<p><strong>Doba hotelowa<\/strong><\/p>\n<p>Rozpoczyna si\u0119 o godz. 15:00, a ko\u0144czy o godz. 11:00 dnia nast\u0119pnego. Istnieje mo\u017cliwo\u015b\u0107 przechowania baga\u017cu po wymeldowaniu.<\/p>\n<hr \/>\n<p><strong>Parking strze\u017cony<\/strong><\/p>\n<p>Znajduje si\u0119 w CKK Jordanki al. Solidarno\u015bci 1, jest oddalony od Apartament\u00f3w Molus o 350m tj. 5 minut drogi pieszo \u2013 40z\u0142\/doba hotelowa.<\/p>\n<hr \/>\n<p><strong>\u015aniadania<\/strong><\/p>\n<p>Istnieje mo\u017cliwo\u015b\u0107 skorzystania z oferty \u015bniadaniowej Grande Coffee znajduj\u0105cej si\u0119 na parterze kamienicy. \u015aniadania serwowane s\u0105 od godziny 8:00 do 12:00 w formie r\u00f3\u017cnych zestaw\u00f3w \u015bniadaniowych w cenie 50z\u0142. Wymagana jest wcze\u015bniejsza rezerwacja \u015bniadania, a p\u0142atno\u015b\u0107 nale\u017cy ui\u015bci\u0107 u nas.<\/p>\n<hr \/>\n<p><strong>Godziny \u015bniadania<\/strong><\/p>\n<p>Codziennie w godzinach 8:00 \u2013 12:00.<\/p>\n<hr \/>\n<p><strong>Dzieci do 3 lat<\/strong><\/p>\n<p>Pobyt gratis.<\/p>\n<hr \/>\n<p><strong>Zwierz\u0119ta<\/strong><\/p>\n<p>Akceptujemy pobyt z ma\u0142ym psem.<\/p>\n<hr \/>\n<p><strong>Zakaz palenia<\/strong><\/p>\n<p>W Apartamentach obowi\u0105zuje zakaz palenia.<\/p>\n<hr \/>\n<p><strong>Zadatek<\/strong><\/p>\n<p>Warunkiem rezerwacji jest wp\u0142ata zadatku w wysoko\u015bci 50% kosztu pobytu na konto mBank: Nr rachunku: 15 1090 1506 0000 0001 6518 9356 IBAN: PL 15 1090 1506 0000 0001 6518 9356 SWIFT: WBKPPLPP lub p\u0142atno\u015b\u0107 BLIK na nr tel 606 383 563.<\/p>\n<hr \/>\n<p><strong>Rozliczenie<\/strong><\/p>\n<p>Za ca\u0142y pobyt nast\u0119puje najp\u00f3\u017aniej w dniu przyjazdu got\u00f3wk\u0105 lub kart\u0105.<\/p>\n<hr \/>\n<p><strong>Faktura VAT<\/strong><\/p>\n<p>Na \u017cyczenie wystawiamy faktury VAT. Prosimy o informacj\u0119 o ch\u0119ci otrzymania faktury VAT w momencie dokonywania rezerwacji.<\/p>\n<hr \/>\n<p><strong>Uwaga!<\/strong><\/p>\n<p>Przy d\u0142u\u017cszych pobytach istnieje mo\u017cliwo\u015b\u0107 negocjacji ceny.<\/p>\n<\/div><\/section><\/p>\n<\/div><\/div>\n<style type=\"text\/css\" data-created_by=\"avia_inline_auto\" id=\"style-css-av-mk2kya3g-c66fed4ed6dc93f7f300b3623a0c1304\">\n.flex_cell.av-mk2kya3g-c66fed4ed6dc93f7f300b3623a0c1304{\nvertical-align:top;\nbackground-color:#f4f4f4;\n}\n<\/style>\n<div class='flex_cell av-mk2kya3g-c66fed4ed6dc93f7f300b3623a0c1304 av-gridrow-cell av_one_fifth no_margin  avia-builder-el-6  el_after_av_cell_three_fifth  avia-builder-el-last  content-align-top'  ><div class='flex_cell_inner'><\/div><\/div><\/div>\n","protected":false},"excerpt":{"rendered":"","protected":false},"author":1,"featured_media":0,"parent":0,"menu_order":0,"comment_status":"closed","ping_status":"open","template":"","meta":{"footnotes":""},"class_list":["post-877","page","type-page","status-publish","hentry"],"yoast_head":"<!-- This site is optimized with the Yoast SEO plugin v27.1.1 - https:\/\/yoast.com\/product\/yoast-seo-wordpress\/ -->\n<title>Informacje - Apartamenty Molus<\/title>\n<meta name=\"robots\" content=\"index, follow, max-snippet:-1, max-image-preview:large, max-video-preview:-1\" \/>\n<link rel=\"canonical\" href=\"https:\/\/apartamenty-molus.pl\/index.php\/informacje\/\" \/>\n<meta property=\"og:locale\" content=\"pl_PL\" \/>\n<meta property=\"og:type\" content=\"article\" \/>\n<meta property=\"og:title\" content=\"Informacje - Apartamenty Molus\" \/>\n<meta property=\"og:url\" content=\"https:\/\/apartamenty-molus.pl\/index.php\/informacje\/\" \/>\n<meta property=\"og:site_name\" content=\"Apartamenty Molus\" \/>\n<meta property=\"article:modified_time\" content=\"2026-04-07T11:31:38+00:00\" \/>\n<meta name=\"twitter:card\" content=\"summary_large_image\" \/>\n<meta name=\"twitter:label1\" content=\"Szacowany czas czytania\" \/>\n\t<meta name=\"twitter:data1\" content=\"2 minuty\" \/>\n<script type=\"application\/ld+json\" class=\"yoast-schema-graph\">{\"@context\":\"https:\/\/schema.org\",\"@graph\":[{\"@type\":\"WebPage\",\"@id\":\"https:\/\/apartamenty-molus.pl\/index.php\/informacje\/\",\"url\":\"https:\/\/apartamenty-molus.pl\/index.php\/informacje\/\",\"name\":\"Informacje - Apartamenty Molus\",\"isPartOf\":{\"@id\":\"http:\/\/apartamenty-molus.pl\/#website\"},\"datePublished\":\"2026-01-08T10:08:09+00:00\",\"dateModified\":\"2026-04-07T11:31:38+00:00\",\"breadcrumb\":{\"@id\":\"https:\/\/apartamenty-molus.pl\/index.php\/informacje\/#breadcrumb\"},\"inLanguage\":\"pl-PL\",\"potentialAction\":[{\"@type\":\"ReadAction\",\"target\":[\"https:\/\/apartamenty-molus.pl\/index.php\/informacje\/\"]}]},{\"@type\":\"BreadcrumbList\",\"@id\":\"https:\/\/apartamenty-molus.pl\/index.php\/informacje\/#breadcrumb\",\"itemListElement\":[{\"@type\":\"ListItem\",\"position\":1,\"name\":\"Strona g\u0142\u00f3wna\",\"item\":\"http:\/\/apartamenty-molus.pl\/\"},{\"@type\":\"ListItem\",\"position\":2,\"name\":\"Informacje\"}]},{\"@type\":\"WebSite\",\"@id\":\"http:\/\/apartamenty-molus.pl\/#website\",\"url\":\"http:\/\/apartamenty-molus.pl\/\",\"name\":\"Apartamenty Molus\",\"description\":\"Kolejna witryna oparta na WordPressie\",\"potentialAction\":[{\"@type\":\"SearchAction\",\"target\":{\"@type\":\"EntryPoint\",\"urlTemplate\":\"http:\/\/apartamenty-molus.pl\/?s={search_term_string}\"},\"query-input\":{\"@type\":\"PropertyValueSpecification\",\"valueRequired\":true,\"valueName\":\"search_term_string\"}}],\"inLanguage\":\"pl-PL\"}]}<\/script>\n<!-- \/ Yoast SEO plugin. -->","yoast_head_json":{"title":"Informacje - Apartamenty Molus","robots":{"index":"index","follow":"follow","max-snippet":"max-snippet:-1","max-image-preview":"max-image-preview:large","max-video-preview":"max-video-preview:-1"},"canonical":"https:\/\/apartamenty-molus.pl\/index.php\/informacje\/","og_locale":"pl_PL","og_type":"article","og_title":"Informacje - Apartamenty Molus","og_url":"https:\/\/apartamenty-molus.pl\/index.php\/informacje\/","og_site_name":"Apartamenty Molus","article_modified_time":"2026-04-07T11:31:38+00:00","twitter_card":"summary_large_image","twitter_misc":{"Szacowany czas czytania":"2 minuty"},"schema":{"@context":"https:\/\/schema.org","@graph":[{"@type":"WebPage","@id":"https:\/\/apartamenty-molus.pl\/index.php\/informacje\/","url":"https:\/\/apartamenty-molus.pl\/index.php\/informacje\/","name":"Informacje - Apartamenty Molus","isPartOf":{"@id":"http:\/\/apartamenty-molus.pl\/#website"},"datePublished":"2026-01-08T10:08:09+00:00","dateModified":"2026-04-07T11:31:38+00:00","breadcrumb":{"@id":"https:\/\/apartamenty-molus.pl\/index.php\/informacje\/#breadcrumb"},"inLanguage":"pl-PL","potentialAction":[{"@type":"ReadAction","target":["https:\/\/apartamenty-molus.pl\/index.php\/informacje\/"]}]},{"@type":"BreadcrumbList","@id":"https:\/\/apartamenty-molus.pl\/index.php\/informacje\/#breadcrumb","itemListElement":[{"@type":"ListItem","position":1,"name":"Strona g\u0142\u00f3wna","item":"http:\/\/apartamenty-molus.pl\/"},{"@type":"ListItem","position":2,"name":"Informacje"}]},{"@type":"WebSite","@id":"http:\/\/apartamenty-molus.pl\/#website","url":"http:\/\/apartamenty-molus.pl\/","name":"Apartamenty Molus","description":"Kolejna witryna oparta na WordPressie","potentialAction":[{"@type":"SearchAction","target":{"@type":"EntryPoint","urlTemplate":"http:\/\/apartamenty-molus.pl\/?s={search_term_string}"},"query-input":{"@type":"PropertyValueSpecification","valueRequired":true,"valueName":"search_term_string"}}],"inLanguage":"pl-PL"}]}},"_links":{"self":[{"href":"https:\/\/apartamenty-molus.pl\/index.php\/wp-json\/wp\/v2\/pages\/877","targetHints":{"allow":["GET"]}}],"collection":[{"href":"https:\/\/apartamenty-molus.pl\/index.php\/wp-json\/wp\/v2\/pages"}],"about":[{"href":"https:\/\/apartamenty-molus.pl\/index.php\/wp-json\/wp\/v2\/types\/page"}],"author":[{"embeddable":true,"href":"https:\/\/apartamenty-molus.pl\/index.php\/wp-json\/wp\/v2\/users\/1"}],"replies":[{"embeddable":true,"href":"https:\/\/apartamenty-molus.pl\/index.php\/wp-json\/wp\/v2\/comments?post=877"}],"version-history":[{"count":5,"href":"https:\/\/apartamenty-molus.pl\/index.php\/wp-json\/wp\/v2\/pages\/877\/revisions"}],"predecessor-version":[{"id":1254,"href":"https:\/\/apartamenty-molus.pl\/index.php\/wp-json\/wp\/v2\/pages\/877\/revisions\/1254"}],"wp:attachment":[{"href":"https:\/\/apartamenty-molus.pl\/index.php\/wp-json\/wp\/v2\/media?parent=877"}],"curies":[{"name":"wp","href":"https:\/\/api.w.org\/{rel}","templated":true}]}}